{"id":1051,"date":"2023-10-25T14:20:48","date_gmt":"2023-10-25T17:20:48","guid":{"rendered":"https:\/\/silviomello.com.br\/?post_type=product&#038;p=1051"},"modified":"2024-05-08T17:48:30","modified_gmt":"2024-05-08T20:48:30","slug":"kurt","status":"publish","type":"product","link":"https:\/\/silviomello.com.br\/index.php\/produto\/kurt\/","title":{"rendered":"Kurt"},"content":{"rendered":"<p>Esta obra se diferencia das outras, pois ela procura, n\u00e3o representar a realidade dos fatos, mais sim, como poderia ter sido.<\/p>\n<p>Como que saindo da uma tampa na parte de cima da obra, solta no espa\u00e7o, as cores descem, entram na moldura, indo at\u00e9 a figura do artista (Kurt Cobain), passam por ele e novamente entram atr\u00e1s da tampa.<\/p>\n<p>Se estas cores, tivessem parado, e n\u00e3o somente passado, talvez a historia fosse diferente.<\/p>\n<p>Este contraste de cores formas e elementos, obriga o espectador a se ater diante da obra, sem pressa, para que possa observar e entender o intuito da mesma.<\/p>\n<p>&nbsp;<\/p>\n<p>Como costumo usar como assinatura, cria\u00e7\u00f5es no verso da obra, nesta n\u00e3o \u00e9 diferente :<\/p>\n<p>No entanto, neste caso, as luzes que saem de tr\u00e1s da tampa, s\u00e3o brancas, sobre o fundo preto, e a figura representada, remete ao inicio do s\u00e9culo.<\/p>\n<p>Tentando demonstrar que o problema, \u00e9 bem mais antigo, do que se estuda, integrando assim, frente e verso da obra.<\/p>\n<p>Nas laterais da figura, em preto, uma pretensa escrita, far\u00e1 o espectador se deter sobre a mesma, tentando entender, e remetendo a um tempo ainda mais antigo.<\/p>\n<p>&nbsp;<\/p>\n<p>Todas as partes componentes desta obra, foram feitas por mim, todos os componentes de madeira, foram feitos com material de reaproveitamento, mostrando como \u00e9 poss\u00edvel produzir Obra de Arte, desta forma.<\/p>\n","protected":false},"excerpt":{"rendered":"<p>Esta obra se diferencia das outras, pois ela procura, n\u00e3o representar a realidade dos fatos, mais sim, como poderia ter sido.<\/p>\n<p>Como que saindo da uma tampa na parte de cima da obra, solta no espa\u00e7o, as cores descem, entram na moldura, indo at\u00e9 a figura do artista (Kurt Cobain), passam por ele e novamente entram atr\u00e1s da tampa.<\/p>\n<p>&nbsp;<\/p>\n","protected":false},"featured_media":1054,"comment_status":"open","ping_status":"closed","template":"","meta":{"om_disable_all_campaigns":false,"_monsterinsights_skip_tracking":false,"_monsterinsights_sitenote_active":false,"_monsterinsights_sitenote_note":"","_monsterinsights_sitenote_category":0,"_joinchat":[]},"product_brand":[],"product_cat":[29],"product_tag":[34,32,35,33],"class_list":{"0":"post-1051","1":"product","2":"type-product","3":"status-publish","4":"has-post-thumbnail","6":"product_cat-psicodelico-real","7":"product_tag-abstrato","8":"product_tag-obradearte","9":"product_tag-psicodelico","10":"product_tag-real","12":"first","13":"instock","14":"sold-individually","15":"shipping-taxable","16":"purchasable","17":"product-type-simple"},"aioseo_notices":[],"_links":{"self":[{"href":"https:\/\/silviomello.com.br\/index.php\/wp-json\/wp\/v2\/product\/1051","targetHints":{"allow":["GET"]}}],"collection":[{"href":"https:\/\/silviomello.com.br\/index.php\/wp-json\/wp\/v2\/product"}],"about":[{"href":"https:\/\/silviomello.com.br\/index.php\/wp-json\/wp\/v2\/types\/product"}],"replies":[{"embeddable":true,"href":"https:\/\/silviomello.com.br\/index.php\/wp-json\/wp\/v2\/comments?post=1051"}],"wp:featuredmedia":[{"embeddable":true,"href":"https:\/\/silviomello.com.br\/index.php\/wp-json\/wp\/v2\/media\/1054"}],"wp:attachment":[{"href":"https:\/\/silviomello.com.br\/index.php\/wp-json\/wp\/v2\/media?parent=1051"}],"wp:term":[{"taxonomy":"product_brand","embeddable":true,"href":"https:\/\/silviomello.com.br\/index.php\/wp-json\/wp\/v2\/product_brand?post=1051"},{"taxonomy":"product_cat","embeddable":true,"href":"https:\/\/silviomello.com.br\/index.php\/wp-json\/wp\/v2\/product_cat?post=1051"},{"taxonomy":"product_tag","embeddable":true,"href":"https:\/\/silviomello.com.br\/index.php\/wp-json\/wp\/v2\/product_tag?post=1051"}],"curies":[{"name":"wp","href":"https:\/\/api.w.org\/{rel}","templated":true}]}}