{"id":1066,"date":"2023-10-26T00:53:02","date_gmt":"2023-10-26T03:53:02","guid":{"rendered":"https:\/\/silviomello.com.br\/?post_type=product&#038;p=1066"},"modified":"2025-10-28T13:59:03","modified_gmt":"2025-10-28T16:59:03","slug":"ney","status":"publish","type":"product","link":"https:\/\/silviomello.com.br\/index.php\/produto\/ney\/","title":{"rendered":"Ney (Vendida)"},"content":{"rendered":"<p>Na pintura em acr\u00edlico sobre tela, do Artista (Ney Matogrosso), feita com cores fortes e marcantes, \u00e9 poss\u00edvel quase sentir a vibra\u00e7\u00e3o da musica.<\/p>\n<p>A Moldura em relevo sobre a tela, com cores psicod\u00e9licas e vibrantes, tentam remeter o expectador as diversas facetas do artista.<\/p>\n<p>E a figura abstrata estupefata, na frente da obra, representa a admira\u00e7\u00e3o pelo artista, destaca e aumenta a emo\u00e7\u00e3o pela admira\u00e7\u00e3o da obra.<\/p>\n<p>Este conjunto de telas e molduras, sobrepostas, unindo o real o abstrato e o psicod\u00e9lico, merecem que se tire tempo, para admirar e desvendar, o que esta obra diz a cada um, como a musica do Artista o faz.<\/p>\n<p>Os espa\u00e7os vazios entre as telas e molduras, d\u00e3o a oportunidade do observador participar da obra, escolhendo a parede onde ela ser\u00e1 posta.<\/p>\n<p>&nbsp;<\/p>\n<p>Como assinatura desta empolgante obra:<\/p>\n<p>Na parte de tr\u00e1s,\u00a0 o conjunto de molduras sobrepostas em preto e azul, integra-se a obra.<\/p>\n<p>A moldura azul, com tela em branco, vai clareando em dire\u00e7\u00e3o ao centro, deste degrade, respingos esparsos e coloridos, tornam empolgante estas se\u00e7\u00e3o da obra.<\/p>\n<p>As molduras em preto, completam o conjunto, mostrando como foram montadas, deixando o espectador conhecer como a obra foi feita.<\/p>\n<p>Os mesmos respingos coloridos ficam destacados, nas molduras pretas, e os espa\u00e7os entre elas, aumenta ainda mais a emo\u00e7\u00e3o da observa\u00e7\u00e3o da obra.<\/p>\n<p>&nbsp;<\/p>\n<p>Todas as partes componentes desta obra, foram feitas por mim, todos os componentes de madeira, foram feitos com material de reaproveitamento, mostrando como \u00e9 poss\u00edvel produzir Obra de Arte, desta forma.<\/p>\n","protected":false},"excerpt":{"rendered":"<p>Na pintura em acr\u00edlico sobre tela, do Artista (Ney Matogrosso), feita com cores fortes e marcantes, \u00e9 poss\u00edvel quase sentir a vibra\u00e7\u00e3o da musica.<\/p>\n<p>A Moldura em relevo sobre a tela, com cores psicod\u00e9licas e vibrantes, tentam remeter o expectador as diversas facetas do artista.<\/p>\n","protected":false},"featured_media":1069,"comment_status":"open","ping_status":"closed","template":"","meta":{"om_disable_all_campaigns":false,"_monsterinsights_skip_tracking":false,"_monsterinsights_sitenote_active":false,"_monsterinsights_sitenote_note":"","_monsterinsights_sitenote_category":0,"_joinchat":[]},"product_brand":[],"product_cat":[29],"product_tag":[34,32,35,33],"class_list":{"0":"post-1066","1":"product","2":"type-product","3":"status-publish","4":"has-post-thumbnail","6":"product_cat-psicodelico-real","7":"product_tag-abstrato","8":"product_tag-obradearte","9":"product_tag-psicodelico","10":"product_tag-real","12":"first","13":"instock","14":"sold-individually","15":"shipping-taxable","16":"purchasable","17":"product-type-simple"},"aioseo_notices":[],"_links":{"self":[{"href":"https:\/\/silviomello.com.br\/index.php\/wp-json\/wp\/v2\/product\/1066","targetHints":{"allow":["GET"]}}],"collection":[{"href":"https:\/\/silviomello.com.br\/index.php\/wp-json\/wp\/v2\/product"}],"about":[{"href":"https:\/\/silviomello.com.br\/index.php\/wp-json\/wp\/v2\/types\/product"}],"replies":[{"embeddable":true,"href":"https:\/\/silviomello.com.br\/index.php\/wp-json\/wp\/v2\/comments?post=1066"}],"wp:featuredmedia":[{"embeddable":true,"href":"https:\/\/silviomello.com.br\/index.php\/wp-json\/wp\/v2\/media\/1069"}],"wp:attachment":[{"href":"https:\/\/silviomello.com.br\/index.php\/wp-json\/wp\/v2\/media?parent=1066"}],"wp:term":[{"taxonomy":"product_brand","embeddable":true,"href":"https:\/\/silviomello.com.br\/index.php\/wp-json\/wp\/v2\/product_brand?post=1066"},{"taxonomy":"product_cat","embeddable":true,"href":"https:\/\/silviomello.com.br\/index.php\/wp-json\/wp\/v2\/product_cat?post=1066"},{"taxonomy":"product_tag","embeddable":true,"href":"https:\/\/silviomello.com.br\/index.php\/wp-json\/wp\/v2\/product_tag?post=1066"}],"curies":[{"name":"wp","href":"https:\/\/api.w.org\/{rel}","templated":true}]}}