{"id":1889,"date":"2023-11-28T15:06:30","date_gmt":"2023-11-28T18:06:30","guid":{"rendered":"https:\/\/silviomello.com.br\/?post_type=product&#038;p=1889"},"modified":"2024-09-22T21:25:27","modified_gmt":"2024-09-23T00:25:27","slug":"salto-alto","status":"publish","type":"product","link":"https:\/\/silviomello.com.br\/index.php\/produto\/salto-alto\/","title":{"rendered":"Volta ?"},"content":{"rendered":"<p>A pintura feita em acr\u00edlico sobre tela, da figura feminina se afastando, \u00e9 sobreposta por uma moldura cl\u00e1ssica em madeira, o par de sand\u00e1lias da noite, posta no interior da moldura, \u00e9 autentico e usado.<\/p>\n<p>Este detalhe, remetera o observador, ao inevit\u00e1vel questionamento: Quem ter\u00e1 usado o cal\u00e7ado, e o que estava acontecendo ?<\/p>\n<p>Ao parar defronte a obra, o espectador, poder\u00e1 divagar em situa\u00e7\u00f5es poss\u00edveis que a pintura representa, e tentar concluir, com sua analise o que se passava, como por exemplo :<\/p>\n<p>Fuga, ou uma simples caminhada, ou retorno da noitada, ou uma pessoa perdida, etc.<\/p>\n<p>Para mim, ela tem sentido e ocasi\u00e3o, mais o expectador poder\u00e1 criar sua ocasi\u00e3o, esta liberdade que esta obra te da, \u00e9 o que a torna inigual\u00e1vel.<\/p>\n<p>&nbsp;<\/p>\n<p>Na parte de tr\u00e1s:<\/p>\n<p>Carregando como assinatura desta reflexiva obra, como n\u00e3o poderia ser diferente, uma outra obra, t\u00e3o reflexiva quanto a principal.<\/p>\n<p>A figura feminina, com os olhos sobrepostos pela moldura principal, pode remeter o espectador a imaginar que seria ?<\/p>\n<p>A fisionomia alegre, parece estar atr\u00e1s da pintura abstrata que a envolve, no entanto continua sendo o principal elemento da obra.<\/p>\n<p>Esta obra tamb\u00e9m da ao expectador a oportunidade de criar sua ocasi\u00e3o, assim integrando se a parte da frente.<\/p>\n<p>&nbsp;<\/p>\n<p>Todas as partes componentes desta obra, como a moldura e a tela foram feitas por mim, desta forma. al\u00e9m da pintura e do desenho, todos os componentes se transformam em arte.<\/p>\n","protected":false},"excerpt":{"rendered":"<p>A pintura feita em acr\u00edlico sobre tela, da figura feminina se afastando, \u00e9 sobreposta por uma moldura cl\u00e1ssica em madeira, o par de sand\u00e1lias da noite, posta no interior da moldura, \u00e9 autentico e usado.<\/p>\n<p>Este detalhe, remetera o observador, ao inevit\u00e1vel questionamento: Quem ter\u00e1 usado o cal\u00e7ado, e o que estava acontecendo ?<\/p>\n","protected":false},"featured_media":1891,"comment_status":"open","ping_status":"closed","template":"","meta":{"om_disable_all_campaigns":false,"_monsterinsights_skip_tracking":false,"_monsterinsights_sitenote_active":false,"_monsterinsights_sitenote_note":"","_monsterinsights_sitenote_category":0,"_joinchat":[]},"product_brand":[],"product_cat":[30],"product_tag":[34,32,35,33],"class_list":{"0":"post-1889","1":"product","2":"type-product","3":"status-publish","4":"has-post-thumbnail","6":"product_cat-imaginario-autentico","7":"product_tag-abstrato","8":"product_tag-obradearte","9":"product_tag-psicodelico","10":"product_tag-real","12":"first","13":"instock","14":"featured","15":"sold-individually","16":"shipping-taxable","17":"purchasable","18":"product-type-simple"},"aioseo_notices":[],"_links":{"self":[{"href":"https:\/\/silviomello.com.br\/index.php\/wp-json\/wp\/v2\/product\/1889","targetHints":{"allow":["GET"]}}],"collection":[{"href":"https:\/\/silviomello.com.br\/index.php\/wp-json\/wp\/v2\/product"}],"about":[{"href":"https:\/\/silviomello.com.br\/index.php\/wp-json\/wp\/v2\/types\/product"}],"replies":[{"embeddable":true,"href":"https:\/\/silviomello.com.br\/index.php\/wp-json\/wp\/v2\/comments?post=1889"}],"wp:featuredmedia":[{"embeddable":true,"href":"https:\/\/silviomello.com.br\/index.php\/wp-json\/wp\/v2\/media\/1891"}],"wp:attachment":[{"href":"https:\/\/silviomello.com.br\/index.php\/wp-json\/wp\/v2\/media?parent=1889"}],"wp:term":[{"taxonomy":"product_brand","embeddable":true,"href":"https:\/\/silviomello.com.br\/index.php\/wp-json\/wp\/v2\/product_brand?post=1889"},{"taxonomy":"product_cat","embeddable":true,"href":"https:\/\/silviomello.com.br\/index.php\/wp-json\/wp\/v2\/product_cat?post=1889"},{"taxonomy":"product_tag","embeddable":true,"href":"https:\/\/silviomello.com.br\/index.php\/wp-json\/wp\/v2\/product_tag?post=1889"}],"curies":[{"name":"wp","href":"https:\/\/api.w.org\/{rel}","templated":true}]}}