{"id":1902,"date":"2023-11-28T15:49:57","date_gmt":"2023-11-28T18:49:57","guid":{"rendered":"https:\/\/silviomello.com.br\/?post_type=product&#038;p=1902"},"modified":"2024-05-08T18:06:14","modified_gmt":"2024-05-08T21:06:14","slug":"estereotipo","status":"publish","type":"product","link":"https:\/\/silviomello.com.br\/index.php\/produto\/estereotipo\/","title":{"rendered":"Estere\u00f3tipo."},"content":{"rendered":"<p>Esta obra, feita em acr\u00edlico sobre tela, n\u00e3o traz elementos extras al\u00e9m da pintura, propositalmente feito assim, para que a aten\u00e7\u00e3o do espectador seja voltada para o elemento central.<\/p>\n<p>Apesar do elemento central ser uma caveira, ela mostra que nem sempre o que se apresenta, pode trazer o estereotipo que carrega.<\/p>\n<p>As cores abstratas em volta e as linhas que se distanciam, trazem surpresa ao espectador.<\/p>\n<p>O que se pensa, pode mudar conforme o ponto de vista.<\/p>\n<p>Divagar e fantasiar \u00e9 parte desta obra.<\/p>\n<p>&nbsp;<\/p>\n<p>Como assinatura :<\/p>\n<p>No verso da obra, um abstrato colorido e simples,\u00a0 completa a obra, os grampos e a moldura a vista, tornam simples, como deve ser a analise da obra.<\/p>\n<p>&nbsp;<\/p>\n","protected":false},"excerpt":{"rendered":"<p>Uma vis\u00e3o crua, \u00e9 esta ideia que a obra passa. Crua, divertida, alegre e colorida, apesar da caveira ser um elemento sombrio, nesta obra ela se torna divertida e comum.<\/p>\n","protected":false},"featured_media":1905,"comment_status":"open","ping_status":"closed","template":"","meta":{"om_disable_all_campaigns":false,"_monsterinsights_skip_tracking":false,"_monsterinsights_sitenote_active":false,"_monsterinsights_sitenote_note":"","_monsterinsights_sitenote_category":0,"_joinchat":[]},"product_brand":[],"product_cat":[31],"product_tag":[34,32,35,33],"class_list":{"0":"post-1902","1":"product","2":"type-product","3":"status-publish","4":"has-post-thumbnail","6":"product_cat-aleatorio-abstrato","7":"product_tag-abstrato","8":"product_tag-obradearte","9":"product_tag-psicodelico","10":"product_tag-real","12":"first","13":"instock","14":"sold-individually","15":"shipping-taxable","16":"purchasable","17":"product-type-simple"},"aioseo_notices":[],"_links":{"self":[{"href":"https:\/\/silviomello.com.br\/index.php\/wp-json\/wp\/v2\/product\/1902","targetHints":{"allow":["GET"]}}],"collection":[{"href":"https:\/\/silviomello.com.br\/index.php\/wp-json\/wp\/v2\/product"}],"about":[{"href":"https:\/\/silviomello.com.br\/index.php\/wp-json\/wp\/v2\/types\/product"}],"replies":[{"embeddable":true,"href":"https:\/\/silviomello.com.br\/index.php\/wp-json\/wp\/v2\/comments?post=1902"}],"wp:featuredmedia":[{"embeddable":true,"href":"https:\/\/silviomello.com.br\/index.php\/wp-json\/wp\/v2\/media\/1905"}],"wp:attachment":[{"href":"https:\/\/silviomello.com.br\/index.php\/wp-json\/wp\/v2\/media?parent=1902"}],"wp:term":[{"taxonomy":"product_brand","embeddable":true,"href":"https:\/\/silviomello.com.br\/index.php\/wp-json\/wp\/v2\/product_brand?post=1902"},{"taxonomy":"product_cat","embeddable":true,"href":"https:\/\/silviomello.com.br\/index.php\/wp-json\/wp\/v2\/product_cat?post=1902"},{"taxonomy":"product_tag","embeddable":true,"href":"https:\/\/silviomello.com.br\/index.php\/wp-json\/wp\/v2\/product_tag?post=1902"}],"curies":[{"name":"wp","href":"https:\/\/api.w.org\/{rel}","templated":true}]}}