{"id":2200,"date":"2024-09-22T21:11:16","date_gmt":"2024-09-23T00:11:16","guid":{"rendered":"https:\/\/silviomello.com.br\/?post_type=product&#038;p=2200"},"modified":"2024-09-22T21:11:16","modified_gmt":"2024-09-23T00:11:16","slug":"recorte","status":"publish","type":"product","link":"https:\/\/silviomello.com.br\/index.php\/produto\/recorte\/","title":{"rendered":"Recorte"},"content":{"rendered":"<p>Esta obra tem in\u00fameros detalhes a serem observados, os cortes feitos nos personagens, em \u00e2ngulos e formatos diferentes, mantem a fisionomia, mais deixa a observa\u00e7\u00e3o muito mais interessante.<\/p>\n<p>Os relevos, a textura das tintas, os rebaixos e as cores vibrantes, deixar\u00e3o o expectador, detido por horas diante da obra, para descobrir, como cada detalhe foi feito.<\/p>\n<p>Os artistas Alceu Valen\u00e7a, Maria Beth\u00e2nia, e a aviadora Am\u00e9lia Earhart, deixam a imagina\u00e7\u00e3o viajar, tentando descobrir qual a liga\u00e7\u00e3o entre estes personagens.<\/p>\n<p>&nbsp;<\/p>\n","protected":false},"excerpt":{"rendered":"<p>Esta obra tem in\u00fameros detalhes a serem observados, os cortes feitos nos personagens, em \u00e2ngulos e formatos diferentes, mantem a fisionomia, mais deixa a observa\u00e7\u00e3o muito mais interessante.<\/p>\n","protected":false},"featured_media":2201,"comment_status":"open","ping_status":"closed","template":"","meta":{"om_disable_all_campaigns":false,"_monsterinsights_skip_tracking":false,"_monsterinsights_sitenote_active":false,"_monsterinsights_sitenote_note":"","_monsterinsights_sitenote_category":0,"_joinchat":[]},"product_brand":[],"product_cat":[29],"product_tag":[],"class_list":{"0":"post-2200","1":"product","2":"type-product","3":"status-publish","4":"has-post-thumbnail","6":"product_cat-psicodelico-real","8":"first","9":"instock","10":"shipping-taxable","11":"purchasable","12":"product-type-simple"},"aioseo_notices":[],"_links":{"self":[{"href":"https:\/\/silviomello.com.br\/index.php\/wp-json\/wp\/v2\/product\/2200","targetHints":{"allow":["GET"]}}],"collection":[{"href":"https:\/\/silviomello.com.br\/index.php\/wp-json\/wp\/v2\/product"}],"about":[{"href":"https:\/\/silviomello.com.br\/index.php\/wp-json\/wp\/v2\/types\/product"}],"replies":[{"embeddable":true,"href":"https:\/\/silviomello.com.br\/index.php\/wp-json\/wp\/v2\/comments?post=2200"}],"wp:featuredmedia":[{"embeddable":true,"href":"https:\/\/silviomello.com.br\/index.php\/wp-json\/wp\/v2\/media\/2201"}],"wp:attachment":[{"href":"https:\/\/silviomello.com.br\/index.php\/wp-json\/wp\/v2\/media?parent=2200"}],"wp:term":[{"taxonomy":"product_brand","embeddable":true,"href":"https:\/\/silviomello.com.br\/index.php\/wp-json\/wp\/v2\/product_brand?post=2200"},{"taxonomy":"product_cat","embeddable":true,"href":"https:\/\/silviomello.com.br\/index.php\/wp-json\/wp\/v2\/product_cat?post=2200"},{"taxonomy":"product_tag","embeddable":true,"href":"https:\/\/silviomello.com.br\/index.php\/wp-json\/wp\/v2\/product_tag?post=2200"}],"curies":[{"name":"wp","href":"https:\/\/api.w.org\/{rel}","templated":true}]}}